/(-6) - (-6)/(-9). Suppose t = -0*k + k - 25. What are the prime factors of k?
5
Let s be 1 + 9 + (2 - 3). Let g(m) = -m**3 + 8*m**2 + 9*m + 2. Let h be g(s). Suppose -110 = -4*f - h*j + j, 3*f = 4*j + 92. What are the prime factors of f?
2, 7
Let t(r) = r**3 + 15*r**2 - 2*r + 40. List the prime factors of t(-15).
2, 5, 7
Let k(o) be the second derivative of 7*o**4/6 - o**3/6 + o**2/2 - 2*o. List the prime factors of k(2).
5, 11
Let l(s) = -s**3 + 33*s**2 - 157*s + 12. What are the prime factors of l(22)?
2, 941
Let b(f) = 14*f - 64. Let d be b(6). Suppose 356 = 4*y + d. List the prime factors of y.
2, 3, 7
Suppose -2453 = -5*v - 6*v. List the prime factors of v.
223
Let r be (-40)/50 - 8/(-10). Let o(z) = -2*z + 30. Let p be o(r). List the prime factors of p - (-1 + 1)/(-1).
2, 3, 5
Let f be 3*4*(-20)/8. Let t = f + 56. List the prime factors of t.
2, 13
Let a = -8 + 2. Let r be 3/((-9)/a) - 1. Let i(p) = 62*p**2 - 4*p + 3. List the prime factors of i(r).
61
Let o(n) = n**3 - 5*n**2 + 9*n + 2. List the prime factors of o(9).
11, 37
Let c(x) = -2*x**3 - 5*x**2 - x. Let l be c(-2). What are the prime factors of (l/(-5))/(3/150)?
2, 5
Suppose -2*v + 1142 = 3*b, 2*v = 4*b - 0*v - 1532. List the prime factors of b.
2, 191
Suppose -7*r + 210 = -4*r. Suppose 22 - r = -2*u. Suppose o + 14 = 5*l - 25, u = 4*l + o. What are the prime factors of l?
7
Let n(l) = 4*l - 17. Let h be n(6). Let r(f) = f**2 + 2*f - 7. What are the prime factors of r(h)?
2, 7
Suppose 3*v - 3 = 12. Suppose -v*g = -g - 176. Let w = -16 + g. What are the prime factors of w?
2, 7
Suppose -2 = -a + 2*a + l, 0 = -4*a - 2*l. Suppose 4*y - a*c - 1292 = -406, c + 5 = 0. List the prime factors of y.
3, 73
Let x(o) = -o**3 - 5*o**2 + 7*o + 3. Let c be x(-6). Let t = c + 9. Let v(z) = -z**2 + 8*z + 6. List the prime factors of v(t).
2, 3
Suppose 22*y = 43*y - 16695. List the prime factors of y.
3, 5, 53
What are the prime factors of (71 - 2)*1496/66?
2, 17, 23
What are the prime factors of 56/(-140) - 7217/(-5)?
3, 13, 37
Let r(d) = d**3 + 450. What are the prime factors of r(0)?
2, 3, 5
Let g = 93 + 21. What are the prime factors of g?
2, 3, 19
Let k be -138 + 0 + (-124)/31. Let z = k + 399. What are the prime factors of z?
257
Suppose 0 = -4*z + 2*p + 68, 4*z - 4*p = -p + 72. Suppose -k = 2*k - z. Suppose l + k = 38. What are the prime factors of l?
3, 11
Let w(p) = 2*p**2 - 8*p - 1. Let v be w(-3). Let u(k) = -42*k - 2 + 13 + v*k. What are the prime factors of u(-5)?
2
Let l = 19 - -1439. What are the prime factors of l?
2, 3
Suppose 3 + 1 = 2*d. Suppose 0 = 5*t + q - 222 - 293, 183 = d*t + 5*q. Suppose 0 = 5*h, 4*s - t = -0*s - 2*h. What are the prime factors of s?
2, 13
Suppose -w - 5 = 0, -y - 3 = 2*w + 4. Suppose -y*m + 10 = -5. Suppose -54 = m*i - 169. What are the prime factors of i?
23
Let y = 5 - 0. Suppose y*w - 2*l + l = 65, -w - 2*l = -24. Let f = w + 3. List the prime factors of f.
17
Let q(o) = -o**2 + o - 11. Let p be q(0). Let n be 0 + -4 - (15 + 4). Let g = p - n. List the prime factors of g.
2, 3
Suppose 5*q - 6*j = -11*j + 3445, 2750 = 4*q + j. What are the prime factors of q?
3, 229
Suppose -4*l - 12 = -8*l, 0 = -3*p - 3*l. List the prime factors of (-15)/(-4)*(-12)/p.
3, 5
Let s be (-2 + 8/7)/(10/70). List the prime factors of 1/((-2)/30)*(s - 1).
3, 5, 7
Let y(d) = -26*d + 1. Let o(k) = 5*k. Let r(m) = 11*o(m) + 2*y(m). Let w be r(0). Suppose w*a - 3*a + 19 = 0. List the prime factors of a.
19
Let j = -187 - -228. List the prime factors of j.
41
Let r be 35/21 - (-1)/3. Suppose 0*l + l = 0, -2*t = r*l - 60. List the prime factors of t.
2, 3, 5
Let b = 12 + 2. Suppose -15*u + 24*u - 279 = 0. Suppose -b = -3*j + u. What are the prime factors of j?
3, 5
Let f be (-6)/((-3)/(2 - (-3 - -1))). Suppose -176 - 128 = -f*g. What are the prime factors of g?
2, 19
Let s(b) = b**3 + 4*b**2 + 3*b + 1. Let a be s(-3). Suppose v - a = 1. Suppose 2*q - 3*o = 50, 2*q = 3*o + v*o + 58. What are the prime factors of q?
19
Let n(z) = 74*z + 89. What are the prime factors of n(6)?
13, 41
Let q(y) be the first derivative of 4*y**3/3 + y**2/2 - 2*y + 17. What are the prime factors of q(5)?
103
Suppose 114996 = -12*w + 33*w. What are the prime factors of w?
2, 37
Suppose -5*k + 155 = -5*s, 4*k = -s - 0*s + 119. Suppose -5*t + 63 + 27 = -3*w, w + 5*t = -k. What are the prime factors of (2/(-3))/(4/w)?
5
List the prime factors of 7485/27 + 50/(-225).
277
Let w = 243 - 93. Let f = w - 103. What are the prime factors of f?
47
Suppose 0 = 7*m - 8119 - 2899. List the prime factors of m.
2, 787
Let w(a) = -a**3 - 15*a**2 - 3*a - 22. Suppose 4*g + 5*v = 12 + 2, -2*v - 1 = -5*g. Let i be (-24 - -8) + 0 + g. List the prime factors of w(i).
23
Let s be (-16)/(-28)*(-7)/(-2). Let m(b) = -7*b**3 - b**2 - s*b + 0 - 1 + 4*b. List the prime factors of m(-2).
47
Suppose 5*a = -2*v - 24, 7 = -3*v - a - 3. What are the prime factors of (-4026)/(-495) - v/(-15)?
2
Let a(f) = -66*f - 4. Let z be a(-4). Suppose 3*h - 7*h - 5*k = -z, -4*h + 260 = -k. What are the prime factors of h?
5, 13
Suppose 3*p - 1622 = -326. List the prime factors of p.
2, 3
Let l be ((-48)/(-20))/(-4)*-5. Suppose 3*k = y + 99, -l*k + 4*y = -126 + 18. List the prime factors of k.
2
Let v(b) = 32*b + 58. Let c(o) = -16*o - 29. Let q(x) = -13*c(x) - 6*v(x). List the prime factors of q(5).
109
Let s = 109 + -78. Let w = s + -19. List the prime factors of w.
2, 3
Suppose 2*f + n + 96 - 22 = 0, 0 = 4*f - 3*n + 128. Let l = f + 47. List the prime factors of l.
2, 3
Let z = 997 - 249. List the prime factors of z.
2, 11, 17
Suppose -r + 5*g = -16 - 7, -2*g - 10 = 0. Let m be 18/3 + (r - 1). Let w = m - -13. List the prime factors of w.
2
Let h be (0 - -1) + -25 + -2. Suppose -40 = d - 31. Let q = d - h. List the prime factors of q.
17
Let l(c) = c + 1. Let f be l(5). Let j = f + 69. List the prime factors of j.
3, 5
Let z(x) = -x - 45. Let q be z(0). Let y = 105 + q. Suppose -a = 2*a - y. List the prime factors of a.
2, 5
Let h(z) = 0*z**3 - 3*z + z - z - 3*z**2 + 2 + z**3. Let u be h(4). What are the prime factors of (-3)/u + (-38)/(-4)?
3
List the prime factors of -4 + (-15834)/(-15) + (-4)/(-10).
2, 263
Let w(o) = o**3 - o + 2. Let h be w(1). List the prime factors of 40 + 4/((-8)/h) + 0.
3, 13
Let q be (-1 + 9/15)*45/(-3). Suppose 2*f - q = 0, 2*z - 4*z - 5*f + 113 = 0. What are the prime factors of z?
7
Suppose 0 = y + 5*g - 2801, 5*g - 3225 - 2372 = -2*y. List the prime factors of y.
2, 3, 233
Suppose 0 = -3*a + 7*a - 112. Suppose -2*k = -5*f - 137, 0 = -2*k + 4*f - 7 + 139. Suppose -3*x + k + a = 0. List the prime factors of x.
2, 7
Let t = -27 + 39. Let q = 9 - t. List the prime factors of q/(-12) - (-87)/4.
2, 11
What are the prime factors of (-2 - 24/(-16))*-4542?
3, 757
Let l(d) be the second derivative of -4*d**3/3 - 29*d**2/2 - 2*d. What are the prime factors of l(-14)?
83
Let l be (-13088)/(-96) + 4/6. Suppose r - l = 86. List the prime factors of r.
223
Let b(c) = -4*c - 37. Let j(n) = 9*n + 73. Let o(k) = -11*b(k) - 6*j(k). What are the prime factors of o(-16)?
3, 43
Suppose -5078 - 19572 = -25*c. What are the prime factors of c?
2, 17, 29
Let h = -25 - -66. Suppose 0 = q - 3*v - 28, -2*q = -0*q - v - h. What are the prime factors of q?
19
Let u = -419 - -1388. What are the prime factors of u?
3, 17, 19
Let t be (-8)/(-32)*136/2. Suppose l = -12 + t. What are the prime factors of (-14)/(-35) + 128/l?
2, 13
Suppose 0 = -4*v + 4*k, -5*k - 7 = 2*v - 0*v. Let z = 3 - v. Let r = 12 + z. List the prime factors of r.
2
What are the prime factors of (-5 - -4)*(-1386 + 1)?
5, 277
Suppose -4*b - 45 = -a + 53, -b + 320 = 3*a. Suppose 15*p - 75 = 510. Let u = a - p. List the prime factors of u.
67
Suppose -k + 3*x + 1 = 0, 0 = 2*k + x - 15 - 8. Suppose 86 = k*y - 54. What are the prime factors of y?
2, 7
Let i(b) be the third derivative of b**6/120 + 2*b**5/15 + 7*b**4/24 - b**3/6 + 4*b**2. Let v be i(-7). What are the prime factors of (13 - -9)*v/(-2)?
11
Suppose -4*s = 5*q - 3035, 0*q = -5*s + 4*q + 3804. List the prime factors of s.
2, 5, 19
Let g(r) = -60*r - 137. What are the prime factors of g(-24)?
1303
Let t = -6 + 14. Let n(r) = -r**2 + 7*r + 8. Let k be n(t). Suppose k = 2*o + 3 - 7. List the prime factors of o.
2
Let z(g) be t